
14
Calculate the remainder when 1608695 is divided by 624.
23
Calculate the remainder when 9952856 is divided by 124.
120
What is the remainder when 313359530 is divided by 2181?
2174
Calculate the remainder when 139266 is divided by 3741.
849
Calculate the remainder when 272233 is divided by 213.
19
Calculate the remainder when 207948 is divided by 207372.
576
What is the remainder when 13698 is divided by 251?
144
What is the remainder when 97783090 is divided by 3495?
3475
Calculate the remainder when 665554 is divided by 83192.
18
Calculate the remainder when 577306388 is divided by 50.
38
What is the remainder when 177018721 is divided by 724?
721
Calculate the remainder when 5703863 is divided by 547.
294
What is the remainder when 1265049 is divided by 17329?
32
What is the remainder when 428776 is divided by 363?
73
Calculate the remainder when 111464620 is divided by 2718649.
11
Calculate the remainder when 56426 is divided by 55297.
1129
Calculate the remainder when 33961961 is divided by 5660321.
35
Calculate the remainder when 347661 is divided by 23169.
126
What is the remainder when 1229019 is divided by 11817?
51
Calculate the remainder when 11918554 is divided by 829.
21
Calculate the remainder when 13434662 is divided by 42.
38
Calculate the remainder when 1420652 is divided by 30.
2
What is the remainder when 2857711 is divided by 178605?
31
Calculate the remainder when 40622 is divided by 9744.
1646
What is the remainder when 451124 is divided by 4556?
80
Calculate the remainder when 377721 is divided by 377717.
4
Calculate the remainder when 600896 is divided by 177.
158
Calculate the remainder when 40309000 is divided by 70.
60
What is the remainder when 559938 is divided by 9031?
16
What is the remainder when 2434243 is divided by 31?
30
What is the remainder when 835890 is divided by 167172?
30
Calculate the remainder when 108217 is divided by 2299.
164
What is the remainder when 13713035 is divided by 538?
491
Calculate the remainder when 26036725 is divided by 111268.
13
Calculate the remainder when 268336 is divided by 24.
16
Calculate the remainder when 3781407216 is divided by 3023.
3022
Calculate the remainder when 48017 is divided by 22525.
2967
What is the remainder when 36762590 is divided by 10?
0
What is the remainder when 1728168 is divided by 139?
120
What is the remainder when 127772 is divided by 4402?
114
What is the remainder when 35267 is divided by 737?
628
What is the remainder when 306543 is divided by 180?
3
Calculate the remainder when 11698438 is divided by 156.
154
What is the remainder when 1412174 is divided by 2942?
14
Calculate the remainder when 181984751 is divided by 72.
71
Calculate the remainder when 551786 is divided by 11995.
16
What is the remainder when 6580130 is divided by 438674?
20
What is the remainder when 121420 is divided by 60426?
568
Calculate the remainder when 1453115644 is divided by 3904.
3900
What is the remainder when 74608 is divided by 10413?
1717
What is the remainder when 42271881 is divided by 8451?
8430
Calculate the remainder when 4637463 is divided by 47808.
87
What is the remainder when 3182386 is divided by 10?
6
Calculate the remainder when 8329748 is divided by 217.
203
Calculate the remainder when 25801372 is divided by 115.
87
What is the remainder when 40437227 is divided by 123?
116
Calculate the remainder when 672341 is divided by 70.
61
Calculate the remainder when 248670598 is divided by 3068.
3062
What is the remainder when 45867061 is divided by 41926?
17
What is the remainder when 13674379 is divided by 772?
715
What is the remainder when 101888003 is divided by 2941?
2940
What is the remainder when 552321 is divided by 547?
398
What is the remainder when 1961254917 is divided by 232?
229
What is the remainder when 4393886 is divided by 98?
56
What is the remainder when 221191039 is divided by 2036?
2035
What is the remainder when 425110 is divided by 1792?
406
Calculate the remainder when 63232891 is divided by 292.
291
What is the remainder when 10284716 is divided by 135?
11
Calculate the remainder when 43256135 is divided by 356.
355
Calculate the remainder when 118457216 is divided by 3478.
14
What is the remainder when 1361997 is divided by 54478?
47
What is the remainder when 42722566 is divided by 12?
10
What is the remainder when 78581 is divided by 77849?
732
What is the remainder when 14257926 is divided by 792107?
0
What is the remainder when 10731 is divided by 2682?
3
Calculate the remainder when 329398 is divided by 27445.
58
What is the remainder when 1635165 is divided by 2685?
0
Calculate the remainder when 14845773 is divided by 5.
3
What is the remainder when 285347444 is divided by 61?
58
Calculate the remainder when 1450955 is divided by 426.
425
What is the remainder when 766484 is divided by 357?
5
What is the remainder when 248862 is divided by 123984?
894
What is the remainder when 10129093 is divided by 1711?
1684
What is the remainder when 67422 is divided by 1921?
187
Calculate the remainder when 63087 is divided by 3455.
897
What is the remainder when 1060918 is divided by 9915?
13
Calculate the remainder when 3131123 is divided by 374.
369
Calculate the remainder when 6259858 is divided by 8.
2
Calculate the remainder when 17180 is divided by 1003.
129
What is the remainder when 2773334 is divided by 59003?
193
What is the remainder when 2466345 is divided by 7452?
7185
What is the remainder when 43388 is divided by 4817?
35
Calculate the remainder when 1403741232 is divided by 8385.
8382
Calculate the remainder when 60461 is divided by 448.
429
Calculate the remainder when 155704311 is divided by 482.
477
What is the remainder when 25625861 is divided by 6406460?
21
What is the remainder when 111265 is divided by 26606?
4841
Calculate the remainder when 513426 is divided by 7300.
2426
Calculate the remainder when 2337166 is divided by 779051.
13
What is the remainder when 91794983 is divided by 17?
15
Calculate the remainder when 52164204 is divided by 17388062.
18
What is the remainder when 373328 is divided by 3035?
23
What is the remainder when 7167787 is divided by 46?
21
Calculate the remainder when 139765840 is divided by 139765839.
1
What is the remainder when 1334942 is divided by 4603?
72
Calculate the remainder when 251896 is divided by 50351.
141
What is the remainder when 191315 is divided by 62281?
4472
Calculate the remainder when 31262812 is divided by 19.
3
What is the remainder when 156589010 is divided by 3?
2
What is the remainder when 11318 is divided by 2703?
506
What is the remainder when 12501192 is divided by 293?
54
What is the remainder when 77570 is divided by 668?
82
Calculate the remainder when 973635 is divided by 101.
96
Calculate the remainder when 2741632 is divided by 90.
52
Calculate the remainder when 44714 is divided by 44668.
46
What is the remainder when 213694232 is divided by 26?
24
What is the remainder when 118017 is divided by 17633?
12219
What is the remainder when 231713 is divided by 57920?
33
Calculate the remainder when 528185 is divided by 377.
8
Calculate the remainder when 361994174 is divided by 2907.
2906
Calculate the remainder when 84046 is divided by 537.
274
Calculate the remainder when 6722034 is divided by 1668.
1662
What is the remainder when 891332 is divided by 101?
7
Calculate the remainder when 80340598 is divided by 111.
19
Calculate the remainder when 6263892 is divided by 14.
12
Calculate the remainder when 32130956 is divided by 3213095.
6
What is the remainder when 968754 is divided by 1080?
1074
What is the remainder when 2943054 is divided by 3128?
2734
What is the remainder when 59495694 is divided by 6948?
6918
Calculate the remainder when 25405216 is divided by 577391.
12
Calculate the remainder when 30196 is divided by 2247.
985
Calculate the remainder when 857605 is divided by 71.
67
Calculate the remainder when 159983415 is divided by 20.
15
What is the remainder when 4336154 is divided by 216790?
354
Calculate the remainder when 133388 is divided by 7020.
8
What is the remainder when 281178196 is divided by 140589098?
0
What is the remainder when 9638338 is divided by 301198?
2
What is the remainder when 224962 is divided by 1415?
